 multiple of 43?
True
Does 60 divide 296?
False
Is 98 a factor of 9408?
True
Is 121 a multiple of 20?
False
Does 21 divide 504?
True
Does 65 divide 15925?
True
Is 17 a factor of 11016?
True
Is 6396 a multiple of 192?
False
Is 11 a factor of 1177?
True
Is 47 a multiple of 2?
False
Is 35564 a multiple of 17?
True
Does 57 divide 13389?
False
Is 6624 a multiple of 69?
True
Is 4141 a multiple of 52?
False
Is 52 a factor of 957?
False
Is 700 a multiple of 35?
True
Is 280 a multiple of 4?
True
Does 3 divide 1203?
True
Does 13 divide 22488?
False
Is 37044 a multiple of 42?
True
Is 4 a factor of 920?
True
Is 2675 a multiple of 107?
True
Is 165 a factor of 21450?
True
Is 99 a multiple of 38?
False
Is 7 a factor of 279?
False
Does 11 divide 748?
True
Is 22 a factor of 430?
False
Is 5 a factor of 15?
True
Does 136 divide 170680?
True
Is 11332 a multiple of 10?
False
Is 773 a multiple of 14?
False
Is 9150 a multiple of 184?
False
Is 1233 a multiple of 9?
True
Is 5 a factor of 7151?
False
Is 90 a factor of 1170?
True
Is 11 a factor of 1118?
False
Does 17 divide 4871?
False
Is 105 a multiple of 3?
True
Is 429 a multiple of 39?
True
Does 48 divide 193?
False
Is 735 a multiple of 7?
True
Does 41 divide 5084?
True
Does 31 divide 747?
False
Is 133 a factor of 39790?
False
Does 35 divide 455?
True
Is 1996 a multiple of 10?
False
Does 16 divide 14082?
False
Does 20 divide 85?
False
Does 84 divide 672?
True
Does 22 divide 582?
False
Does 10 divide 5750?
True
Is 12 a factor of 384?
True
Does 3 divide 102?
True
Is 45 a factor of 4545?
True
Does 2 divide 383?
False
Is 4928 a multiple of 44?
True
Is 11 a factor of 66?
True
Is 14172 a multiple of 5?
False
Does 23 divide 529?
True
Is 1783 a multiple of 10?
False
Is 1275 a multiple of 85?
True
Is 620 a multiple of 20?
True
Does 68 divide 448?
False
Is 16 a factor of 544?
True
Is 12467 a multiple of 91?
True
Is 3003 a multiple of 33?
True
Is 69 a multiple of 3?
True
Does 66 divide 5019?
False
Is 1638 a multiple of 75?
False
Is 680 a multiple of 21?
False
Is 8 a factor of 1096?
True
Does 10 divide 160?
True
Is 55 a factor of 2003?
False
Is 22 a factor of 2860?
True
Does 90 divide 5748?
False
Is 15 a factor of 19108?
False
Does 4 divide 17329?
False
Does 5 divide 2017?
False
Does 54 divide 1296?
True
Is 228 a multiple of 19?
True
Does 11 divide 1419?
True
Is 109 a multiple of 109?
True
Does 55 divide 27119?
False
Is 3718 a multiple of 86?
False
Does 66 divide 352?
False
Is 24 a factor of 8903?
False
Does 31 divide 1922?
True
Is 93 a factor of 13300?
False
Is 33 a factor of 14784?
True
Is 27459 a multiple of 332?
False
Is 359 a multiple of 44?
False
Is 15 a factor of 17?
False
Is 20 a factor of 4856?
False
Is 147 a multiple of 7?
True
Is 11 a factor of 605?
True
Is 70 a factor of 5040?
True
Is 707 a multiple of 101?
True
Is 378 a multiple of 6?
True
Is 13176 a multiple of 122?
True
Is 102 a factor of 35940?
False
Is 5705 a multiple of 163?
True
Is 338 a factor of 28791?
False
Does 20 divide 3280?
True
Is 47 a factor of 21154?
False
Is 9 a factor of 68517?
True
Is 6 a factor of 732?
True
Does 6 divide 799?
False
Does 16 divide 3505?
False
Is 28 a factor of 49644?
True
Is 50228 a multiple of 4?
True
Is 12886 a multiple of 13?
False
Is 34478 a multiple of 67?
False
Is 6 a factor of 378?
True
Is 2134 a multiple of 22?
True
Is 3 a factor of 948?
True
Is 47208 a multiple of 281?
True
Does 63 divide 24948?
True
Does 23 divide 345?
True
Is 46 a factor of 15088?
True
Does 40 divide 72712?
False
Is 64 a factor of 1920?
True
Is 3588 a multiple of 2?
True
Is 84 a factor of 7896?
True
Does 25 divide 4869?
False
Is 3 a factor of 357?
True
Does 43 divide 30788?
True
Is 748 a multiple of 3?
False
Is 40 a factor of 1240?
True
Is 50 a multiple of 10?
True
Is 2592 a multiple of 3?
True
Is 473 even?
False
Does 43 divide 129?
True
Is 20096 a multiple of 88?
False
Does 6 divide 252?
True
Does 22 divide 547?
False
Does 19 divide 10054?
False
Is 285 a multiple of 19?
True
Is 10220 a multiple of 10?
True
Is 16 a factor of 1345?
False
Is 373 even?
False
Is 9 a factor of 1755?
True
Is 38 a factor of 114?
True
Is 19 a factor of 399?
True
Does 8 divide 648?
True
Is 39717 a multiple of 28?
False
Is 6288 a multiple of 48?
True
Is 1300 a multiple of 26?
True
Does 35 divide 1575?
True
Does 12 divide 144?
True
Is 15 a factor of 1960?
False
Is 22326 a multiple of 115?
False
Is 50362 a multiple of 28?
False
Is 2472 a multiple of 29?
False
Is 54 a factor of 864?
True
Does 108 divide 2643?
False
Is 144 a factor of 9216?
True
Does 12 divide 30264?
True
Does 57 divide 445?
False
Is 37 a factor of 2194?
False
Is 610 a multiple of 11?
False
Does 25 divide 406?
False
Is 26013 a multiple of 13?
True
Does 8 divide 568?
True
Is 4134 a multiple of 164?
False
Is 7451 a multiple of 14?
False
Is 10 a factor of 29250?
True
Is 14 a factor of 3708?
False
Is 23659 a multiple of 59?
True
Is 3344 a multiple of 35?
False
Is 4 a factor of 10681?
False
Is 16400 a multiple of 100?
True
Is 2061 a multiple of 9?
True
Is 555 a multiple of 3?
True
Does 37 divide 821?
False
Does 99 divide 8867?
False
Is 14 a factor of 124?
False
Does 21 divide 378?
True
Is 14 a factor of 28448?
True
Is 10087 a multiple of 11?
True
Is 11 a factor of 70?
False
Does 35 divide 3955?
True
Is 36 a factor of 1440?
True
Is 4998 a multiple of 39?
False
Is 249 a factor of 24961?
False
Is 3564 a multiple of 66?
True
Does 9 divide 61056?
True
Does 82 divide 7271?
False
Is 9 a factor of 12512?
False
Does 6 divide 145?
False
Is 10 a factor of 46978?
False
Is 745 a multiple of 20?
False
Is 3 a factor of 3419?
False
Is 6 a factor of 13224?
True
Is 22 a factor of 462?
True
Is 61 a factor of 2054?
False
Does 101 divide 3535?
True
Is 46704 a multiple of 112?
True
Is 35 a multiple of 15?
False
Does 86 divide 2236?
True
Is 4319 a multiple of 6?
False
Is 37 a factor of 670?
False
Does 14 divide 238?
True
Is 6930 a multiple of 99?
True
Does 83 divide 6385?
False
Is 4919 a multiple of 6?
False
Is 11 a factor of 1040?
False
Does 30 divide 270?
True
Does 24 divide 86112?
True
Does 21 divide 306?
False
Does 8 divide 837?
False
Is 145 a multiple of 5?
True
Is 36 a factor of 5004?
True
Does 11 divide 1924?
False
Does 10 divide 1540?
True
Is 56260 a multiple of 222?
False
Is 6 a factor of 954?
True
Is 15 a factor of 532?
False
Is 58249 a multiple of 30?
False
Is 223 a multiple of 38?
False
Is 17999 a multiple of 22?
False
Does 20 divide 1080?
True
Does 228 divide 20185?
False
Does 5 divide 1660?
True
Does 25 divide 12592?
False
Is 37 a factor of 311?
False
Does 12 divide 1432?
False
Is 26 a factor of 2427?
False
Does 41 divide 13336?
False
Is 10 a factor of 20010?
True
Is 12 a factor of 28104?
True
Is 9990 a multiple of 90?
True
Does 3 divide 1329?
True
Does 12 divide 123?
False
Is 3408 a multiple of 48?
True
Is 6310 a multiple of 44?
False
Is 486 a multiple of 12?
False
Is 12674 a multiple of 131?
False
Is 23 a factor of 324?
False
Does 47 divide 5405?
True
Is 212 a multiple of 11?
False
Is 34 a factor of 3349?
False
Does 3 divide 3588?
True
Does 12 divide 1488?
True
Is 1067 a multiple of 9?
False
Does 176 divide 17516?
False
Is 1505 a multiple of 35?
True
Is 25 a factor of 15171?
False
Is 10450 a multiple of 190?
True
Does 20 divide 2003?
False
Does 24 divide 1224?
True
Is 30583 a multiple of 257?
True
Is 2936 a multiple of 171?
False
Is 7 a factor of 182?
True
Is 8250 a multiple of 11?
True
Does 47 divide 644?
False
Does 195 divide 24217?
False
Does 33 divide 4286?
False
Is 374 a multiple of 26?
False
Is 28741 a multiple of 41?
True
Does 44 divide 6604?
False
Is 4 a factor of 340?
True
Does 7 divide 746?
False
Is 36 a factor of 1427?
False
Does 53 divide 139?
False
Is 2210 a multiple of 85?
True
Does 23 divide 322?
True
Does 4 divide 3604?
True
Does 31 divide 1612?
True
Is 5 a factor of 4409?
False
Is 1161 a multiple of 27?
True
Is 8778 a multiple of 21?
True
Does 73 divide 65405?
False
Is 840 a multiple of 78?
False
Is 17304 a multiple of 8?
True
Is 4 a factor of 6314?
False
Is 7 a factor of 7910?
True
Does 2 divide 662?
True
Is 25 a factor of 155?
False
Does 9 divide 693?
True
Is 31 a factor of 1263?
False
Does 16 divide 32?
True
Is 41 a factor of 1107?
True
Is 24 a factor of 7879?
False
Is 71 a factor of 28116?
True
Does 21 